{"id":74,"date":"2017-07-10T20:43:31","date_gmt":"2017-07-10T18:43:31","guid":{"rendered":"http:\/\/www.spvgg.net\/_3\/?page_id=74"},"modified":"2022-11-07T22:09:06","modified_gmt":"2022-11-07T21:09:06","slug":"verein","status":"publish","type":"page","link":"https:\/\/www.spvgg.net\/_3\/verein\/","title":{"rendered":"Verein"},"content":{"rendered":"<p>Die Spielvereinigung Bamlach\/Rheinweiler 1982 e.V. ist ein kleiner aber doch stolzer Fu\u00dfballverein im Herzen des Markgr\u00e4flerlands, welches sich s\u00fcdlich von Freiburg bis nach Basel (CH) erstreckt. Gegr\u00fcndet wurde der Verein 1982 durch die Fusion des FC Bamlach und des FC Rheinweiler. Heute z\u00e4hlt der Verein knapp 270 Mitglieder.<\/p>\n<p class=\"bodymitte\" style=\"text-align: justify;\" align=\"justify\">Unterst\u00fctzen Sie unseren Verein durch Ihre Besuche, durch Ihre Spenden und durch Ihre Mitgliedschaft. An dieser Stelle m\u00f6chten wir uns bei allen, die unseren Verein aktiv und finanziell unterst\u00fctzen, recht herzlich bedanken! Sollten Sie an einem Sponsoring interessiert sein, so nehmen Sie doch bitte\u00a0<a href=\"http:\/\/www.spvgg.net\/_3\/verein\/kontakt\/\">Kontakt\u00a0<\/a>mit uns auf.<\/p>\n<p class=\"bodymitte\" style=\"text-align: justify;\" align=\"justify\">Auf unserer Internetseiten\u00a0 finden Sie st\u00e4ndig aktualisierte Berichte und Termine rund um das Vereinsgeschehen.<\/p>\n<p class=\"bodymitte\" style=\"text-align: justify;\">F\u00fcr die <a href=\"http:\/\/www.spvgg.net\/_3\/verein\/vorstandschaft\/\">Vorstandschaft<\/a><\/p>\n<p class=\"bodymitte\" style=\"text-align: justify;\">Patric Dosenbach &amp; Ivan Stojanovic<\/p>\n","protected":false},"excerpt":{"rendered":"<p>Die Spielvereinigung Bamlach\/Rheinweiler 1982 e.V. ist ein kleiner aber doch stolzer Fu\u00dfballverein im Herzen des Markgr\u00e4flerlands, welches sich s\u00fcdlich von Freiburg bis nach Basel (CH) erstreckt. Gegr\u00fcndet wurde der Verein 1982 durch die Fusion des FC Bamlach und des FC Rheinweiler. Heute z\u00e4hlt der Verein knapp 270 Mitglieder. Unterst\u00fctzen Sie unseren Verein durch Ihre Besuche, [&hellip;]<\/p>\n","protected":false},"author":1,"featured_media":0,"parent":0,"menu_order":0,"comment_status":"closed","ping_status":"closed","template":"","meta":{"footnotes":""},"class_list":["post-74","page","type-page","status-publish","hentry"],"_links":{"self":[{"href":"https:\/\/www.spvgg.net\/_3\/wp-json\/wp\/v2\/pages\/74","targetHints":{"allow":["GET"]}}],"collection":[{"href":"https:\/\/www.spvgg.net\/_3\/wp-json\/wp\/v2\/pages"}],"about":[{"href":"https:\/\/www.spvgg.net\/_3\/wp-json\/wp\/v2\/types\/page"}],"author":[{"embeddable":true,"href":"https:\/\/www.spvgg.net\/_3\/wp-json\/wp\/v2\/users\/1"}],"replies":[{"embeddable":true,"href":"https:\/\/www.spvgg.net\/_3\/wp-json\/wp\/v2\/comments?post=74"}],"version-history":[{"count":8,"href":"https:\/\/www.spvgg.net\/_3\/wp-json\/wp\/v2\/pages\/74\/revisions"}],"predecessor-version":[{"id":3441,"href":"https:\/\/www.spvgg.net\/_3\/wp-json\/wp\/v2\/pages\/74\/revisions\/3441"}],"wp:attachment":[{"href":"https:\/\/www.spvgg.net\/_3\/wp-json\/wp\/v2\/media?parent=74"}],"curies":[{"name":"wp","href":"https:\/\/api.w.org\/{rel}","templated":true}]}}